*u + 16 = 0, 5*f = u + 23. What is the units digit of v(f)?
2
Suppose -4*v - v = 25, -5*h + 2*v = -30. Suppose -3*d + 5*b + 26 = -d, -d + 3*b = -15. Suppose d*u = h*u - 13. What is the units digit of u?
3
Suppose 0 = 3*g - 9 - 6. Let k(w) = -2 - 6*w + g*w**3 - 4*w**3 + 9 + 5*w**2. What is the units digit of k(-5)?
7
What is the hundreds digit of 4256 - 16 - (-5 + 16)?
2
Let r(l) = 30 + 0*l**2 + 26 + l**2 - 46*l + 23*l. What is the hundreds digit of r(26)?
1
Let i = -26 + 49. Let n = i + 21. What is the units digit of n?
4
Suppose 0 = p - 6. What is the units digit of (128/p)/(10/15)?
2
What is the thousands digit of 2099 - (-2 + 11 + -5)?
2
Let u = 3029 - 881. What is the thousands digit of u?
2
Let k(u) be the third derivative of u**4/24 + u**3/3 + 4*u**2. Let w be k(5). What is the units digit of -2 + w + -1 + 2?
6
Let c(m) = -m**2 - 14*m - 13. Let a be c(-13). Suppose a = -14*h + 1001 - 91. What is the units digit of h?
5
Suppose 418 - 2243 = -d. What is the units digit of d?
5
Suppose 3*w = 3*h, -4*w + 5*h + 1 = 3. Suppose 56 = w*t + 2*t. What is the tens digit of t?
1
Let l be 111 - 1/(-2)*2. Let u = l + -57. What is the tens digit of u?
5
Let c be -10 + (-4)/4*1. Let y be 10/30 + c/(-3). Suppose -5*u + 2*u = -6, o + y*u - 18 = 0. What is the units digit of o?
0
Suppose -3*y = -5*n - 776 - 54, -4*y + 1068 = 3*n. What is the tens digit of y?
7
Suppose -3*h - 12 = -3. Let a(g) = 4*g**2 + 2*g - 4. Let f be a(h). Suppose f = q - 0*q. What is the tens digit of q?
2
Suppose 2*b + 222 = 4*o, 16*o - 11*o + 5*b = 315. What is the tens digit of o?
5
What is the units digit of (-2 + 6)*4/(-4)*-172?
8
What is the thousands digit of ((-18)/(-21))/(66267/(-11046) - -6)?
1
What is the hundreds digit of ((-13164)/(-24))/((-1)/(-2))?
0
Suppose -2*a = -4*a - 2*t + 312, -4*a + 626 = 2*t. What is the tens digit of a?
5
Let n be (-9)/27*(-30)/2. Suppose -n*l - 10*p + 11*p = -395, 0 = l + 4*p - 100. What is the tens digit of l?
8
Suppose 0 = -2*x + 6*x + 360. Let f = x + 173. What is the tens digit of f?
8
Let i(f) = -f**3 - f**2 + 42. Let x(l) = -l**3 - 6*l**2 - 6*l - 5. Let n be x(-5). What is the units digit of i(n)?
2
Let p = -126 + 120. Let r(g) = -2*g**3 + 8*g**2 + g + 2. Let d(v) = v**3 - v**2 - v - 1. Let z(c) = -3*d(c) - r(c). What is the tens digit of z(p)?
2
Suppose 0 = -6*l + 8*l + 10. Let i(r) = -10*r + 3. What is the units digit of i(l)?
3
Suppose -750*m + 744*m = -2484. What is the tens digit of m?
1
Let b be 638 + 4*2/4. What is the units digit of (b/15)/((-2)/(-3))?
4
Let d(p) = -p. Let f be d(-6). Let r be (6 - f)*2/4. Suppose r = 3*b - 240 + 69. What is the units digit of b?
7
Let n = -1583 + 2831. What is the units digit of n?
8
Let y be -18*(-3 + 2) + -2. Suppose -q - 3*q = -y. What is the units digit of (95/(-10))/((-2)/q)?
9
What is the hundreds digit of (431/(-10))/(2/(-10))*4?
8
Let d = -473 - -1783. What is the hundreds digit of d?
3
Let r be 4452/15 - 2/(-10). Suppose -3*k + 0*p = -p - 221, p - r = -4*k. Let o = k + -42. What is the tens digit of o?
3
Suppose -d + 2*i + 728 = 0, 3*d - 4*i = -8*i + 2204. What is the hundreds digit of d?
7
Let i(j) = -j**3 - 3*j**2 + j + 9. Let x = -8 - -4. Let n be i(x). Suppose v + p = n, 0 = -3*p + 5*p + 6. What is the tens digit of v?
2
Let r be (-14)/2*(-6)/(-7). Let y(q) = -q**2 - 7*q - 8. Let c be y(r). What is the units digit of (-102)/(-4) - 1/c?
6
Suppose -908 = -4*u + f, -2*f = -3*u + 6*u - 670. What is the tens digit of u?
2
Suppose 12*i = 10*i - 4. Let c(v) = -16*v - 2. What is the units digit of c(i)?
0
Let m(d) = d**2 + 2*d - 4. Let q be 2*((-25)/10 + -2). What is the units digit of m(q)?
9
Let x be 61/4*(4 - 20)/(-2). Suppose x*u = 127*u - 270. What is the tens digit of u?
5
What is the tens digit of 2 + -7 + 5750/2?
7
Let p = 535 - -500. What is the hundreds digit of p?
0
Let i be (-3)/((-9)/(-1))*(-18)/2. Suppose -2*a - i*b = 2*a - 117, 0 = -5*a - 2*b + 148. What is the units digit of a?
0
Suppose 0*p - 16 = -4*p - 4*y, 0 = p + 2*y + 1. What is the tens digit of 59 + p*4/12?
6
Let j = 3535 - 1962. What is the units digit of j?
3
Suppose 2*b + a = -0*a - 9, -3*b = 5*a + 31. Let j = b - -1. Let d(m) = -29*m**3 - m**2 - 2*m. What is the units digit of d(j)?
0
What is the units digit of ((-1816)/(-6))/((-22)/33 - -1)?
8
Suppose -4*b = -3*p + 4251 + 3470, 5*p - 4*b = 12855. What is the tens digit of p?
6
What is the tens digit of 2/4*(24 + 72 + -24)?
3
What is the thousands digit of (-2)/(-4)*(6316 + -2 - -12)?
3
Suppose 26*v + 25 = 31*v. Suppose 0 = h - 2 + v. What is the tens digit of h + 50*3/6?
2
Let q(d) = 10*d**2 - 2*d + 16. What is the units digit of q(-4)?
4
Suppose 0 = -2*y + 2*m + 402, 8*y - 4*y + m = 809. What is the units digit of y?
2
Suppose 61 = 8*a + 13. Suppose j = a*j - 385. Suppose 3*p = j - 29. What is the tens digit of p?
1
Let h be (2 + -6)/(16 - 18). Suppose h*y - 93 = -51. What is the units digit of y?
1
Let t(r) = -r**3 - 2*r. Let c be t(0). Suppose c = 2*g - 362 + 110. What is the tens digit of g?
2
Let w = -126 - -410. What is the units digit of w?
4
Let j(z) = -3*z**3 - 2*z**2 - 2*z. Let n = -25 - -21. Let q be j(n). Suppose 5*s + 32 = 5*t - 193, -q = -4*t - 2*s. What is the tens digit of t?
4
Suppose 3*w - 4*r - 6 = 0, -1 - 3 = -2*w + 2*r. Suppose 3*f + 179 = 4*q, w*f - 16 - 158 = -4*q. What is the units digit of q?
4
Suppose 18*v = 20*v - 4. Suppose -1395 = -5*a + 4*d, 0 = -v*a - a - 3*d + 837. What is the tens digit of a?
7
What is the units digit of (-9828)/(-231) + 12/(-22)?
2
Suppose -3*c + 5*t + 20 = 0, 9 = 4*c + 5*t + 29. Let o be 3 + 0 - (-13 - c). Suppose 4*m - 11 = 5*f, -5*m + 3*f = -f - o. What is the units digit of m?
4
Let l be (-3)/(-9) - 16/(-6). Suppose l*f - 2*f + 2 = 0. What is the tens digit of (-106)/(-8) - f/(-8)?
1
Let c = 4382 + -2663. What is the tens digit of c?
1
Let k(l) = l**3 + l**2 - l. Let a(f) = -18*f**3 - 6*f**2 - f - 1. Let s(b) = a(b) + k(b). What is the tens digit of s(-2)?
1
Suppose 5*t = m + 22, 5*t - 4 = 3*t - 2*m. Let b = t + -1. Suppose 2*l - b = -1. What is the units digit of l?
1
Let v = -9 - -92. What is the units digit of v?
3
Suppose 2*x - 3 = 1. Suppose -h + 5*h + x*g = 382, -h - 3*g + 103 = 0. What is the units digit of h?
4
Let p(w) be the second derivative of -w**5/20 - w**4/6 - w**3/6 + 4*w**2 + 16*w. What is the units digit of p(0)?
8
Suppose 604 = m + n, -2*m - 4*n = -1475 + 261. What is the units digit of m?
1
What is the units digit of (1302/(-35))/(4/140*-1)?
2
Let o(r) = 43*r + 101. What is the tens digit of o(4)?
7
Let d(g) = -g**2 - 1. Let c(w) = w**3 + 11*w**2 - 19*w + 4. Let x(n) = -c(n) + d(n). What is the tens digit of x(-14)?
2
Suppose -16 = 11*h - 15*h. Suppose 0 = -5*b + 4*g + 153 + 502, 5*g - 524 = -h*b. What is the units digit of b?
1
Suppose 44*y + 3*h + 4331 = 49*y, -4*h = -4*y + 3468. What is the units digit of y?
5
Let s(t) = -2 + 5 - 5 - 4*t + 5*t. Let c be s(7). Suppose -p - 5*j + 5 = 0, j + 71 = c*p + 3*j. What is the tens digit of p?
1
Suppose 16 = 4*y, 3*z + 4*y = 5*z + 8. Suppose 0 = 6*u - 2*u + 8, 5*p = z*u + 263. What is the tens digit of p?
5
Suppose 4*l - 2*l - 5*d = -6, -4*d = -4*l. Suppose 2*q - 18 = 2*f, 3*q - 3*f - l = -5*f. Suppose -2*p + q*p - 10 = 0. What is the units digit of p?
5
Let y(a) = -a**3 + 29*a**2 - 70*a - 44. What is the thousands digit of y(19)?
2
Let d = 5199 + -3647. What is the tens digit of d?
5
Suppose -11*h + 14*h - 729 = 0. Suppose -2*p - h = -5*b, b + 5*p - 2*p = 35. What is the units digit of b?
7
Let k(v) = -163*v - 1. Let i be k(-4). Suppose 0*r + i = 4*d + 3*r, 2*r - 2 = 0. What is the hundreds digit of d?
1
Suppose -13*b + 23541 = 8*b. What is the thousands digit of b?
1
Let n(w) = -w + 2. Let t be n(2). Let h(m) = -3*m - 905. Let k be h(t). What is the tens digit of (-2)/8 - k/20?
4
Suppose 3*n + 1 = -8. Let h be ((-1)/n)/((-1)/(-903)). Suppose 4 = -4*j - 0*j, h = 4*s - 5*j. What is the units digit of s?
4
Let k(y) = 2*y + 4. Let b be k(-4). Let q be (b/(-5))/((-1)/(-10)). Suppose 3*f - i - 34 = -q, 5*f + 3*i = 20. What is the units digit of f?
7
Suppose 5*m + 5*g - 2818 - 3487 = 0, 5*m - 6296 = 4*g. What is the tens digit of m?
6
Let g(k) = -5*k - 1. Let h be g(-2). Suppose 5*u - h + 4 = 0. What is the units digit of u?
1
Suppose -q + 4*q + 